ands digit of 415008?
5
What is the hundreds digit of 2143994?
9
What is the ten thousands digit of 454484?
5
What is the thousands digit of 691459?
1
What is the ten thousands digit of 273889?
7
What is the thousands digit of 788713?
8
What is the ten thousands digit of 971050?
7
What is the hundred thousands digit of 32407507?
4
What is the hundred thousands digit of 1695323?
6
What is the tens digit of 3407367?
6
What is the hundred thousands digit of 116280?
1
What is the tens digit of 15309?
0
What is the tens digit of 13971032?
3
What is the hundreds digit of 8680415?
4
What is the thousands digit of 59526?
9
What is the ten millions digit of 28249712?
2
What is the units digit of 10933194?
4
What is the units digit of 82112?
2
What is the thousands digit of 958228?
8
What is the ten thousands digit of 1963318?
6
What is the units digit of 1521321?
1
What is the tens digit of 108646?
4
What is the millions digit of 2333508?
2
What is the millions digit of 14439393?
4
What is the hundreds digit of 1212700?
7
What is the millions digit of 1899106?
1
What is the hundreds digit of 1289550?
5
What is the units digit of 2702688?
8
What is the ten thousands digit of 4108582?
0
What is the hundreds digit of 235119?
1
What is the millions digit of 5599400?
5
What is the tens digit of 1451615?
1
What is the units digit of 402811?
1
What is the hundred thousands digit of 2033637?
0
What is the ten thousands digit of 11772920?
7
What is the tens digit of 149868?
6
What is the hundreds digit of 3382672?
6
What is the millions digit of 2856078?
2
What is the units digit of 7301421?
1
What is the tens digit of 42150?
5
What is the hundred thousands digit of 657497?
6
What is the tens digit of 496670?
7
What is the units digit of 122612?
2
What is the hundreds digit of 429338?
3
What is the units digit of 3354472?
2
What is the hundreds digit of 260474?
4
What is the units digit of 7082622?
2
What is the millions digit of 10323752?
0
What is the hundred thousands digit of 13226360?
2
What is the hundred thousands digit of 6827941?
8
What is the thousands digit of 101223?
1
What is the thousands digit of 436327?
6
What is the units digit of 3419523?
3
What is the hundreds digit of 1316574?
5
What is the hundred thousands digit of 381180?
3
What is the ten millions digit of 13728894?
1
What is the hundred thousands digit of 25510753?
5
What is the ten thousands digit of 6809994?
0
What is the ten thousands digit of 2353329?
5
What is the millions digit of 5059440?
5
What is the hundred thousands digit of 9519531?
5
What is the hundreds digit of 3098144?
1
What is the thousands digit of 403797?
3
What is the thousands digit of 466268?
6
What is the thousands digit of 13687295?
7
What is the units digit of 167658?
8
What is the hundreds digit of 2712594?
5
What is the thousands digit of 670713?
0
What is the ten thousands digit of 166334?
6
What is the ten thousands digit of 94730?
9
What is the hundreds digit of 14491548?
5
What is the millions digit of 4927950?
4
What is the hundreds digit of 14821431?
4
What is the millions digit of 1598716?
1
What is the ten millions digit of 21197155?
2
What is the thousands digit of 1640867?
0
What is the units digit of 2415039?
9
What is the tens digit of 6772327?
2
What is the thousands digit of 752454?
2
What is the hundred thousands digit of 5453667?
4
What is the tens digit of 9103077?
7
What is the thousands digit of 112757?
2
What is the millions digit of 1790742?
1
What is the thousands digit of 5548745?
8
What is the units digit of 119849?
9
What is the ten thousands digit of 3922864?
2
What is the thousands digit of 23097?
3
What is the units digit of 1307360?
0
What is the hundreds digit of 1606601?
6
What is the ten thousands digit of 2322626?
2
What is the units digit of 519252?
2
What is the hundreds digit of 337423?
4
What is the units digit of 207838?
8
What is the units digit of 7945770?
0
What is the tens digit of 250975?
7
What is the tens digit of 383160?
6
What is the ten thousands digit of 13350351?
5
What is the ten thousands digit of 62445?
6
What is the tens digit of 3136520?
2
What is the hundreds digit of 139106?
1
What is the hundred thousands digit of 16916226?
9
What is the tens digit of 2591773?
7
What is the thousands digit of 5444?
5
What is the units digit of 1178335?
5
What is the thousands digit of 2774216?
4
What is the hundreds digit of 5451067?
0
What is the hundred thousands digit of 14686669?
6
What is the thousands digit of 12917196?
7
What is the ten millions digit of 15819663?
1
What is the thousands digit of 598640?
8
What is the ten thousands digit of 558930?
5
What is the hundreds digit of 14166186?
1
What is the ten thousands digit of 6882547?
8
What is the hundreds digit of 439259?
2
What is the units digit of 972913?
3
What is the ten thousands digit of 1898260?
9
What is the hundred thousands digit of 159559?
1
What is the hundreds digit of 25324037?
0
What is the tens digit of 25090822?
2
What is the thousands digit of 5573396?
3
What is the units digit of 1833069?
9
What is the ten thousands digit of 528959?
2
What is the thousands digit of 12391330?
1
What is the tens digit of 326732?
3
What is the units digit of 978520?
0
What is the hundreds digit of 5114973?
9
What is the thousands digit of 93540?
3
What is the ten thousands digit of 528847?
2
What is the hundreds digit of 1056861?
8
What is the thousands digit of 1940?
1
What is the ten thousands digit of 602151?
0
What is the thousands digit of 7143349?
3
What is the tens digit of 989376?
7
What is the hundreds digit of 872128?
1
What is the thousands digit of 2770971?
0
What is the thousands digit of 39395?
9
What is the hundred thousands digit of 100806?
1
What is the thousands digit of 62098?
2
What is the tens digit of 15846266?
6
What is the hundreds digit of 79360?
3
What is the units digit of 218024?
4
What is the millions digit of 8600360?
8
What is the tens digit of 139479?
7
What is the tens digit of 1466501?
0
What is the ten thousands digit of 8341987?
4
What is the hundred thousands digit of 3597684?
5
What is the ten thousands digit of 2982139?
8
What is the hundreds digit of 7091131?
1
What is the ten thousands digit of 14455164?
5
What is the hundreds digit of 20113?
1
What is the ten thousands digit of 23462042?
6
What is the tens digit of 4175648?
4
What is the thousands digit of 290204?
0
What is the thousands digit of 5690?
5
What is the tens digit of 152334?
3
What is the ten thousands digit of 1236999?
3
What is the ten thousands digit of 1614286?
1
What is the hundreds digit of 28982?
9
What is the millions digit of 10228857?
0
What is the units digit of 3355388?
8
What is the ten thousands digit of 8263557?
6
What is the ten thousands digit of 641900?
4
What is the millions digit of 1331082?
1
What is the thousands digit of 10485033?
5
What is the hundred thousands digit of 969606?
9
What is the tens digit of 6380219?
1
What is the units digit of 4632392?
2
What is the tens digit of 143265?
6
What is the tens digit of 97517?
1
What is the tens digit of 2458502?
0
What is the millions digit of 1879794?
1
What is the tens digit of 198543?
4
What is the units digit of 663446?
6
What is the hundred thousands digit of 2229535?
2
What is the units digit of 18288090?
0
What is the hundreds digit of 105544?
5
What is the units digit of 565873?
3
What is the millions digit of 1747439?
1
What is the hundred thousands digit of 290551?
2
What is the millions digit of 7763744?
7
What is the tens digit of 18232487?
8
What is the hundred thousands digit of 24102747?
1
What is the tens digit of 77192?
9
What is the hundreds digit of 1590718?
7
What is the hundred thousands digit of 190310?
1
What is the units digit of 785826?
6
What is the thousands digit of 1150457?
0
What is the ten thousands digit of 1972224?
7
What is the ten thousands digit of 12158819?
5
What is the tens digit of 1666505?
0
What is the units digit of 80639?
9
What is the thousands digit of 161129?
1
What is the ten thousands digit of 58684?
5
What is the hundred thousands digit of 15203587?
2
What is the thousands digit of 127183?
7
What is the hundreds digit of 323419?
4
What is the hundred thousands digit of 201581?
2
What